{"id":14,"date":"2018-02-01T11:57:59","date_gmt":"2018-02-01T10:57:59","guid":{"rendered":"http:\/\/ruth23weber.de\/blog\/wordpress\/?page_id=14"},"modified":"2020-10-12T13:12:24","modified_gmt":"2020-10-12T11:12:24","slug":"autoren","status":"publish","type":"page","link":"https:\/\/ruth23weber.de\/blog\/autoren\/","title":{"rendered":"LB &#038; RW"},"content":{"rendered":"<p>Ruth Weber studierte Kunst und Kunstwissenschaft an der Kunstakademie D\u00fcsseldorf und Germanistik an der Universit\u00e4t D\u00fcsseldorf. Louis Blank wuchs in Mailand und Paris auf, arbeitet an der Schnittstelle zwischen Kunst und Natur und gr\u00fcndete mit Ruth Weber 1991 auf Grund der gemeinsamen Vorliebe f\u00fcr die Zahl <strong>23<\/strong> das Projekt THE\u2008FAKE\u2019S\u2008PROGRESS. Der Name des Projekts ehrt den gro\u00dfen William Hogarth und den Titel seiner Bildfolge The Rake\u2019s Progress. Au\u00dferdem hat das Wort FAKE genauso wie das Wort IDEE aus dem Traum von Ruth Weber die Quersumme <strong>23<\/strong>.<br \/>\nMehr \u00fcber Louis Blank und Ruth Weber auf der Website <a href=\"https:\/\/ruth23weber.de\/kategorie\/wort\/\" target=\"_blank\" rel=\"noopener noreferrer\">ruth23weber.de<\/a><br \/>\nUnd auf <a href=\"https:\/\/www.instagram.com\/ruth_und_louis\/\">https:\/\/www.instagram.com\/ruth_und_louis\/<\/a><br \/>\n<a href=\"https:\/\/www.instagram.com\/ruthweber_recommends\">https:\/\/www.instagram.com\/ruthweber_recommends<\/a><br \/>\nDas Beitragsbild der Startseite zeigt einen Landschaftsstein mit Mangandendriten aus China, erworben bei Claude Boull\u00e9 in Paris.<\/p>\n","protected":false},"excerpt":{"rendered":"<p>Ruth Weber studierte Kunst und Kunstwissenschaft an der Kunstakademie D\u00fcsseldorf und Germanistik an der Universit\u00e4t D\u00fcsseldorf. Louis Blank wuchs in Mailand und Paris auf, arbeitet an der Schnittstelle zwischen Kunst und Natur und gr\u00fcndete mit Ruth Weber 1991 auf Grund der gemeinsamen Vorliebe f\u00fcr die Zahl 23 das Projekt THE\u2008FAKE\u2019S\u2008PROGRESS. Der Name des Projekts ehrt&#8230;<\/p>\n","protected":false},"author":1,"featured_media":0,"parent":0,"menu_order":0,"comment_status":"closed","ping_status":"closed","template":"","meta":[],"_links":{"self":[{"href":"https:\/\/ruth23weber.de\/blog\/wp-json\/wp\/v2\/pages\/14"}],"collection":[{"href":"https:\/\/ruth23weber.de\/blog\/wp-json\/wp\/v2\/pages"}],"about":[{"href":"https:\/\/ruth23weber.de\/blog\/wp-json\/wp\/v2\/types\/page"}],"author":[{"embeddable":true,"href":"https:\/\/ruth23weber.de\/blog\/wp-json\/wp\/v2\/users\/1"}],"replies":[{"embeddable":true,"href":"https:\/\/ruth23weber.de\/blog\/wp-json\/wp\/v2\/comments?post=14"}],"version-history":[{"count":10,"href":"https:\/\/ruth23weber.de\/blog\/wp-json\/wp\/v2\/pages\/14\/revisions"}],"predecessor-version":[{"id":5459,"href":"https:\/\/ruth23weber.de\/blog\/wp-json\/wp\/v2\/pages\/14\/revisions\/5459"}],"wp:attachment":[{"href":"https:\/\/ruth23weber.de\/blog\/wp-json\/wp\/v2\/media?parent=14"}],"curies":[{"name":"wp","href":"https:\/\/api.w.org\/{rel}","templated":true}]}}